
Is 5788283857 a prime number?
True
Is 17696744159 a prime number?
False
Is 293548589 prime?
True
Is 6652729621 a composite number?
True
Is 1373806847 a composite number?
True
Is 13690748579 a prime number?
False
Is 918841739 a composite number?
False
Is 95204202949 a prime number?
True
Is 339293606 a prime number?
False
Is 3532757561 a composite number?
False
Is 4124023433 a prime number?
False
Is 9221097611 a prime number?
False
Is 2146610149 composite?
False
Is 1890651913 prime?
False
Is 6106178285 composite?
True
Is 41640284869 a composite number?
True
Is 21138633001 composite?
True
Is 2971174561 a prime number?
True
Is 4676124451 prime?
True
Is 22670771171 composite?
False
Is 20013066299 a prime number?
False
Is 3767069102 a prime number?
False
Is 49900689173 composite?
False
Is 1744332529 prime?
True
Is 14559271361 composite?
False
Is 39608530831 a composite number?
False
Is 2479127171 composite?
False
Is 365407169 prime?
True
Is 187585721 a prime number?
False
Is 199588373 composite?
False
Is 2844269053 prime?
True
Is 4954492931 composite?
True
Is 3020761283 a prime number?
True
Is 203849323393 a composite number?
False
Is 2533970323 composite?
True
Is 2623586957 prime?
True
Is 1863509465 prime?
False
Is 550948549 a composite number?
True
Is 10575561079 composite?
False
Is 875809141 a prime number?
True
Is 10361685119 a composite number?
False
Is 6862135253 composite?
True
Is 3124424243 prime?
False
Is 170113991 composite?
False
Is 3513492451 a prime number?
False
Is 27533299003 a prime number?
False
Is 6332518277 a composite number?
False
Is 1431531879 a prime number?
False
Is 165579464867 a composite number?
False
Is 3861674939 a composite number?
False
Is 42792959591 composite?
False
Is 722165245 composite?
True
Is 286881457 prime?
True
Is 102524021 a composite number?
False
Is 9703479727 composite?
True
Is 90707435395 composite?
True
Is 836466209 a prime number?
True
Is 17138080163 a composite number?
False
Is 401582105 composite?
True
Is 39360043 composite?
True
Is 276826883 a composite number?
False
Is 476332253 composite?
True
Is 117560231 a prime number?
True
Is 18325111171 prime?
False
Is 70498374047 composite?
False
Is 2457781559 composite?
False
Is 33004145123 prime?
True
Is 2277068767 prime?
False
Is 21469311301 a composite number?
False
Is 36538662007 prime?
True
Is 1217956594 composite?
True
Is 56081227 a composite number?
False
Is 126210541 prime?
True
Is 64081304783 a composite number?
False
Is 2143002703 a prime number?
True
Is 245389619 a prime number?
False
Is 1042953809 prime?
True
Is 2589084307 a prime number?
False
Is 3649385173 a composite number?
True
Is 2449480499 a composite number?
True
Is 7777542481 a composite number?
False
Is 2538013633 prime?
False
Is 3039711719 prime?
False
Is 989588665267 a prime number?
True
Is 2334522037 prime?
True
Is 2437987367 a prime number?
True
Is 133471422706 prime?
False
Is 1005225593 prime?
False
Is 43148215553 a composite number?
False
Is 97685361763 prime?
False
Is 7522868893 prime?
False
Is 515923117 a prime number?
True
Is 172587311 a composite number?
True
Is 4786537523 composite?
True
Is 3840854063 composite?
True
Is 20252075791 prime?
False
Is 501636427 a composite number?
False
Is 434360257 prime?
False
Is 9203356121 a composite number?
True
Is 5510551357 a composite number?
False
Is 13376372171 a prime number?
True
Is 2614778693 prime?
True
Is 38650669 prime?
True
Is 22390018193 composite?
False
Is 1910512798 a prime number?
False
Is 1227694073 prime?
False
Is 7053111059 composite?
True
Is 243383131 prime?
True
Is 427118543 prime?
False
Is 1553375933 a composite number?
False
Is 319948807 a composite number?
True
Is 2082078937 a composite number?
True
Is 2147468927 a prime number?
False
Is 42379889 a prime number?
True
Is 887667041 prime?
True
Is 81161029 a composite number?
True
Is 447488947 composite?
False
Is 21419706391 prime?
False
Is 22931179937 prime?
False
Is 7765767613 a prime number?
True
Is 5468638414 prime?
False
Is 10443923687 prime?
False
Is 19490461997 a prime number?
True
Is 2444857823 a composite number?
True
Is 25839589837 prime?
True
Is 3043073107 composite?
False
Is 3573680351 prime?
False
Is 122518367 composite?
False
Is 13131540193 prime?
True
Is 2444802097 a prime number?
False
Is 1890803011 prime?
True
Is 2589053741 composite?
False
Is 17917184221 composite?
True
Is 9894446117 prime?
True
Is 990142997 composite?
True
Is 225467833 composite?
False
Is 66541045397 composite?
True
Is 30589024013 a composite number?
False
Is 5029827557 prime?
True
Is 812749919 composite?
True
Is 2988937213 composite?
False
Is 129933491 a composite number?
True
Is 619689178 a prime number?
False
Is 5610997501 prime?
False
Is 172604473 prime?
True
Is 1366252109 a prime number?
True
Is 5895776329 a prime number?
True
Is 7762248023 composite?
False
Is 71608879267 a composite number?
True
Is 49156467587 composite?
False
Is 3306213233 a composite number?
False
Is 36654731021 prime?
True
Is 8624555557 a composite number?
False
Is 44938739 composite?
False
Is 233699635183 composite?
True
Is 2682070021 a prime number?
False
Is 53660315041 a composite number?
False
Is 1261480691 prime?
True
Is 5095522021 composite?
False
Is 755593739 a composite number?
True
Is 688897337 composite?
True
Is 939145891 a composite number?
False
Is 1285712327 composite?
False
Is 1955823323 composite?
True
Is 9189842191 a prime number?
False
Is 9849936617 a composite number?
True
Is 42195344941 a prime number?
True
Is 22812301399 a composite number?
True
Is 26216803891 a prime number?
True
Is 96813701009 a prime number?
False
Is 38197362337 a composite number?
True
Is 6894682415 a composite number?
True
Is 131941895047 a prime number?
False
Is 6780536231 composite?
True
Is 226128379 prime?
True
Is 48361558937 a prime number?
True
Is 5519703493 a prime number?
False
Is 5139141629 a composite number?
True
Is 1857502523 a composite number?
True
Is 17148953513 composite?
False
Is 174069265637 a composite number?
False
Is 1953910447 composite?
True
Is 3595031291 a composite number?
True
Is 845485367 a prime number?
True
Is 2184524933 prime?
True
Is 2981543993 a prime number?
False
Is 28901071041 a composite number?
True
Is 76401671 a composite number?
False
Is 989675783 composite?
True
Is 666036853 a prime number?
False
Is 1373958301 a composite number?
False
Is 12955939 prime?
False
Is 2666999053 a prime number?
True
Is 2453266129 a prime number?
True
Is 46787369657 composite?
True
Is 36152093843 composite?
False
Is 207159653 prime?
True
Is 26734997 composite?
False
Is 1599037933 a prime number?
True
Is 18365685241 composite?
False
Is 87453542639 a prime number?
True
Is 32726357 a composite number?
True
Is 6061559 a prime number?
False
Is 4504753321 composite?
False
Is 10878343267 prime?
False
Is 47518611641 composite?
False
Is 891169709 a prime number?
True
Is 8265008509 a prime number?
True
Is 22202466869 prime?
False
Is 900054943 prime?
False
Is 6756261571 prime?
False
Is 16681145687 prime?
True
Is 239832094 a prime number?
False
Is 10996859 a prime number?
True
Is 695270627 a prime number?
True
Is 7126824981 prime?
False
Is 12692823499 a composite number?
True
Is 475159283 composite?
False
Is 4327242919 composite?
False
Is 3601342187 composite?
False
Is 11150045733 prime?
False
Is 16018142321 a prime number?
True
Is 64751403883 a composite number?
False
Is 8514634827 composite?
True
Is 6005782361 composite?
True
Is 46504734559 a composite number?
True
Is 463135019 composite?
False
Is 5581601309 prime?
False
Is 4694650361 a prime number?
True
Is 476871173 a composite number?
False
Is 8052345437 composite?
False
Is 4365557219 composite?
False
Is 21738891833 a prime number?
True
Is 4029226181 a composite number?
True
Is 4610269121 prime?
True
Is 8908482553 a composite number?
True
Is 1366033853 a prime number?
False
Is 5064176867 composite?
False
Is 2060624903 composite?
False
Is 814994501 a composite number?
True
Is 168038254981 prime?
True
Is 1825154723 a composite number?
True
Is 5208025727 a prime number?
False
Is 103696601261 composite?
True
Is 24468426907 a composite number?
True
Is 21631361489 a composite number?
True
Is 30196462033 a prime number?
True
Is 834264251 prime?
False
Is 768022